e
Is 66183817 a prime number?
False
Is 2201317 prime?
True
Is 27126845 a prime number?
False
Is 4199701 a composite number?
True
Is 142963697 prime?
True
Is 9263855 composite?
True
Is 19804597 prime?
False
Is 11808221 a composite number?
False
Is 14240987 a prime number?
False
Is 330584671 composite?
False
Is 11411401 a composite number?
False
Is 34129777 composite?
True
Is 19549111 composite?
False
Is 2769121 composite?
False
Is 104097061 prime?
False
Is 256226681 composite?
False
Is 11677 a prime number?
True
Is 339001433 a prime number?
False
Is 52500898 a composite number?
True
Is 2150647 a composite number?
True
Is 4980531 a prime number?
False
Is 6689471 prime?
False
Is 32531869 a prime number?
False
Is 183191 composite?
False
Is 1405758331 composite?
False
Is 58516342 a composite number?
True
Is 2331019 prime?
False
Is 2682142 a prime number?
False
Is 108231551 composite?
True
Is 208189 prime?
True
Is 8201903 a prime number?
True
Is 519462103 a prime number?
True
Is 570894943 composite?
True
Is 118153099 a prime number?
False
Is 508365173 a prime number?
True
Is 13720171 composite?
True
Is 70244353 composite?
False
Is 280559 composite?
True
Is 6448963 a composite number?
True
Is 18925157 a prime number?
False
Is 362834359 a composite number?
False
Is 113463913 a prime number?
True
Is 33186921 a prime number?
False
Is 222378433 prime?
True
Is 13508101 a prime number?
False
Is 5919017 a prime number?
False
Is 225206177 a composite number?
True
Is 17258201 prime?
True
Is 13795021 a composite number?
False
Is 1121047 a composite number?
False
Is 9109222 a composite number?
True
Is 2118031 a composite number?
False
Is 166319 composite?
False
Is 105479651 a prime number?
False
Is 530216339 a prime number?
False
Is 281155627 composite?
False
Is 325771 a composite number?
True
Is 7435787 prime?
False
Is 37916549 a prime number?
False
Is 58575901 a composite number?
True
Is 57071327 composite?
True
Is 34814411 a prime number?
False
Is 196727551 a prime number?
True
Is 12799607 a composite number?
False
Is 8886643 prime?
False
Is 2658811 composite?
True
Is 21456469 a composite number?
False
Is 1687646 composite?
True
Is 38899169 prime?
True
Is 21868969 prime?
True
Is 6433865 composite?
True
Is 621363223 a composite number?
True
Is 18400201 a prime number?
False
Is 36125899 composite?
False
Is 3024337 composite?
False
Is 12009049 composite?
True
Is 5840951 composite?
False
Is 2510363 prime?
False
Is 8988481 a composite number?
True
Is 2169131 prime?
False
Is 4812914 prime?
False
Is 5676487 a composite number?
True
Is 10078543 a prime number?
True
Is 1384583 prime?
False
Is 74880059 composite?
True
Is 20010561 a prime number?
False
Is 405525921 a composite number?
True
Is 11807761 prime?
False
Is 464768573 a prime number?
False
Is 4554937 a composite number?
False
Is 545720303 a composite number?
False
Is 195059243 prime?
True
Is 163485743 a prime number?
True
Is 30250999 prime?
True
Is 1152491 a composite number?
True
Is 3616777 prime?
False
Is 4484747 a composite number?
True
Is 6563581 a prime number?
False
Is 16060241 a prime number?
True
Is 214439 a prime number?
True
Is 463949 prime?
True
Is 238354091 prime?
False
Is 10383913 a composite number?
True
Is 2323583 a prime number?
True
Is 189373441 composite?
False
Is 3448927 composite?
True
Is 23855609 a prime number?
True
Is 16581967 composite?
True
Is 39975367 composite?
True
Is 438971614 composite?
True
Is 2028031 a composite number?
True
Is 326767009 composite?
False
Is 869743295 a composite number?
True
Is 4774799 a prime number?
False
Is 3908803 prime?
False
Is 115274407 a prime number?
False
Is 1838126 composite?
True
Is 1427281 prime?
True
Is 56598341 prime?
True
Is 39920831 a prime number?
True
Is 79667621 composite?
True
Is 3738957 a prime number?
False
Is 5031283 a prime number?
False
Is 4363531 a composite number?
False
Is 1295447 composite?
False
Is 1044343 prime?
True
Is 941593 prime?
True
Is 387311 prime?
False
Is 253780837 a composite number?
False
Is 3492397 a prime number?
True
Is 71021579 prime?
True
Is 2344039 a composite number?
True
Is 81151 composite?
True
Is 65384069 a composite number?
True
Is 3532759 composite?
True
Is 54621337 composite?
False
Is 35585773 a prime number?
True
Is 260369081 composite?
True
Is 139985777 composite?
False
Is 47203139 composite?
False
Is 27060289 a composite number?
False
Is 182629771 a composite number?
False
Is 14070113 a prime number?
False
Is 792422501 composite?
True
Is 52898191 composite?
True
Is 8292199 prime?
False
Is 245621 a composite number?
False
Is 67576957 prime?
False
Is 324848857 prime?
False
Is 104053663 a composite number?
True
Is 11459809 a composite number?
True
Is 9921449 a composite number?
False
Is 231102749 a prime number?
False
Is 1860809 composite?
True
Is 54851033 composite?
False
Is 9181849 a prime number?
True
Is 50636695 composite?
True
Is 7235177 composite?
False
Is 227331673 a composite number?
False
Is 13619423 a prime number?
True
Is 6418487 a composite number?
False
Is 7835621 prime?
True
Is 1339567 a composite number?
False
Is 238417 prime?
True
Is 9683321 a composite number?
False
Is 11979103 a composite number?
True
Is 208207141 prime?
False
Is 161461579 prime?
True
Is 1377023 prime?
True
Is 97573409 composite?
False
Is 17455429 prime?
True
Is 1428751 prime?
True
Is 14205211 prime?
False
Is 55784737 prime?
False
Is 2372239 prime?
True
Is 290430887 a prime number?
False
Is 10064807 a composite number?
True
Is 4798649 a prime number?
True
Is 1077893 prime?
True
Is 2004347 a composite number?
False
Is 77922307 prime?
True
Is 9273949 a composite number?
True
Is 70916203 composite?
False
Is 90664157 composite?
True
Is 2322821 prime?
True
Is 815433907 composite?
False
Is 31499057 prime?
True
Is 4466309 prime?
False
Is 97422566 a prime number?
False
Is 74846797 composite?
False
Is 16443499 a composite number?
False
Is 2113807 a prime number?
False
Is 166213763 composite?
True
Is 4011043 a prime number?
True
Is 2028941 a prime number?
True
Is 6794311 prime?
True
Is 99646999 composite?
True
Is 8360629 a composite number?
False
Is 10362191 a prime number?
False
Is 333335645 prime?
False
Is 579473 a prime number?
True
Is 15271798 a prime number?
False
Is 4172165 prime?
False
Is 3099463 a prime number?
True
Is 14771465 prime?
False
Is 499181 a prime number?
True
Is 277127363 a composite number?
True
Is 92143921 a composite number?
True
Is 2476541 a prime number?
True
Is 3115569 a prime number?
False
Is 96142493 a prime number?
False
Is 47252873 a composite number?
False
Is 1158239 a prime number?
False
Is 39980809 a prime number?
False
Is 100619489 a composite number?
True
Is 52673003 composite?
False
Is 222528422 prime?
False
Is 1158059 composite?
True
Is 52729 prime?
False
Is 25369835 composite?
True
Is 6750521 a composite number?
True
Is 16123493 composite?
True
Is 65722231 a prime number?
True
Is 93021493 a composite number?
True
Is 9762373 prime?
False
Is 3277163 composite?
True
Is 80511931 a prime number?
False
Is 10460141 composite?
False
Is 42178769 composite?
False
Is 108922951 prime?
False
Is 1859489 a prime number?
True
Is 398190629 composite?
True
Is 47159661 a composite number?
True
Is 936151 prime?
True
Is 1339013 prime?
False
Is 18573233 composite?
True
Is 212473154 prime?
False
Is 3277973 a prime number?
False
Is 162615295 composite?
True
Is 1494343 composite?
False
Is 10287253 prime?
True
Is 5028523 composite?
False
Is 38194473 composite?
True
Is 58552829 a composite number?
False
Is 126262477 a prime number?
False
Is 514391 a prime number?
False
Is 9702557 a composite number?
False
Is 525241 a prime number?
True
Is 90101 a composite number?
True
Is 799511 prime?
False
Is 7332595 a prime number?
False
Is 881034949 a prime number?
True
Is 31369693 a prime number?
False
Is 17813833 a composite number?
False
Is 37618939 prime?
True
Is 9143681 composite?
False
Is 14187077 a composite number?
False
Is 87021901 a prime number?
False
Is 401722 prime?
False
Is 10674787 composite?
True
Is 518469599 a composite number?
False
Is 44862527 a composite number?
True
Is 19016197 prime?
True
Is 86450327 prime?
True
Is 208589089 a composite number?
True
Is 225617849 a prime number?
True
Is 563966401 a composite 